base 4) in base 11?
203430
What is -1c77a0 (base 13) in base 12?
-2b2a51
Convert -124324522 (base 6) to base 5.
-1111444330
Convert -100101001011010000 (base 2) to base 11.
-a444a
-2361485 (base 11) to base 15
-56486e
What is -1a0613 (base 15) in base 9?
-2340880
Convert 1333431 (base 9) to base 4.
2302122322
What is -b3064 (base 15) in base 7?
-4551223
What is -4593da (base 16) in base 10?
-4559834
What is 297cdd (base 14) in base 15?
1d78ec
What is -227895 (base 10) in base 5?
-24243040
Convert 3330b7 (base 12) to base 9.
1470564
3a9c1b (base 13) to base 11
890944
Convert 4752580 (base 9) to base 14.
4addc3
What is 3678518 (base 10) in base 2?
1110000010000100110110
Convert -36148 (base 13) to base 7.
-561622
24443211 (base 5) to base 16
392c5
256c58 (base 16) to base 10
2452568
-21222210120 (base 3) to base 15
-3192c
Convert -259d7a (base 16) to base 10.
-2465146
What is -2013435 (base 6) in base 10?
-95423
-36c3b9 (base 14) to base 5
-440041042
958422 (base 13) to base 10
3502722
Convert -30020210210 (base 4) to base 9.
-5877252
-1cd02a (base 14) to base 7
-11536053
-887939 (base 10) to base 4
-3120302003
4244132 (base 6) to base 12
a0648
Convert 27178 (base 16) to base 2.
100111000101111000
565079 (base 10) to base 7
4542314
What is -6b4371 (base 12) in base 4?
-12212000011
What is -145488 (base 10) in base 15?
-2d193
-35b2d3 (base 15) to base 16
-27333f
-433312401 (base 5) to base 14
-36399b
Convert -10051733 (base 8) to base 11.
-1217828
-111000110111000010 (base 2) to base 15
-49018
What is -152031214 (base 6) in base 13?
-872c7a
-77102024 (base 8) to base 4
-333020100110
11000000100110011111100 (base 2) to base 10
6311164
Convert 157526 (base 8) to base 15.
11e19
1149a5 (base 11) to base 4
230133030
Convert 734c39 (base 13) to base 3.
12001221122222
What is -22020111122 (base 3) in base 12?
-79a52
Convert -1576277 (base 8) to base 10.
-457919
Convert 17485 (base 12) to base 4.
20023211
What is -112120120312 (base 4) in base 14?
-aca1dc
Convert -1c878a (base 14) to base 8.
-3714466
What is -367208 (base 13) in base 10?
-1300970
3ab551 (base 13) to base 5
331041232
Convert 10001101101100010011 (base 2) to base 9.
1074106
-83647 (base 12) to base 16
-29fd7
5c1bb (base 15) to base 16
47c8a
Convert -312220212 (base 4) to base 2.
-110110101000100110
What is 401211040 (base 6) in base 10?
6782208
102032132323 (base 4) to base 7
55416532
Convert 600520 (base 10) to base 4.
2102213020
Convert -1524424 (base 6) to base 14.
-246c0
Convert 35c44 (base 16) to base 7.
1605031
Convert 2bbb2 (base 15) to base 2.
100010011011011001
201212 (base 6) to base 7
64130
-35224136 (base 7) to base 8
-13644162
What is -1110100200021 (base 3) in base 11?
-48a045
211331042 (base 5) to base 13
2505c5
-10211111121200 (base 3) to base 10
-2037276
-13423332 (base 6) to base 5
-104020001
-26882d (base 15) to base 3
-10111001120021
What is 1248293 (base 14) in base 16?
85fe09
What is 5015555 (base 6) in base 4?
321211133
What is -15511056 (base 7) in base 3?
-2211010201000
Convert -11111550 (base 7) to base 2.
-11101010100111111111
Convert 4a965a8 (base 11) to base 13.
1aa5541
What is 1012241 (base 6) in base 12?
24081
-5356c (base 14) to base 12
-98664
Convert -104142325 (base 7) to base 13.
-13b3721
What is 20344240 (base 5) in base 2?
101001001011110111
42e52 (base 15) to base 13
75935
-7a9d1a (base 14) to base 2
-1111111011100101000100
11000011001001000010001 (base 2) to base 7
105231344
Convert -3020615 (base 10) to base 12.
-101805b
What is -27562413 (base 9) in base 6?
-1203550450
Convert -1110312231 (base 4) to base 2.
-1010100110110101101
-5637 (base 14) to base 15
-4665
What is 2103322 (base 7) in base 10?
253297
-43402521 (base 6) to base 10
-1291441
Convert 678191 (base 13) to base 11.
1420416
20393 (base 15) to base 4
120322233
What is 12140560 (base 8) in base 6?
133125320
-333321113 (base 4) to base 2
-111111111001010111
Convert -bd5fb (base 16) to base 11.
-48a85a
What is -1011100010 (base 2) in base 5?
-10423
-1214133024 (base 5) to base 8
-12771605
Convert dc5c3 (base 14) to base 13.
158a96
What is -20440134 (base 6) in base 2?
-10010001100011111010
Convert -232785 (base 11) to base 4.
-1122033123
Convert 1ebe39 (base 16) to base 5.
1003433102
Convert 4e9304 (base 16) to base 14.
980896
Convert 7201127 (base 10) to base 5.
3320414002
Convert -12001 (base 6) to base 2.
-11011000001
What is -120604 (base 7) in base 9?
-33041
22110021201 (base 3) to base 10
166420
202134 (base 7) to base 3
1202011010
52413112 (base 6) to base 9
2775348
10639 (base 16) to base 3
10102002021
What is 189572 (base 10) in base 16?
2e484
What is 3132523 (base 9) in base 3?
10011002120210
-18aea (base 15) to base 10
-80095
14a2a8b (base 13) to base 8
31142016
What is 1100121230 (base 4) in base 12?
13a6b8
-3655 (base 12) to base 7
-23552
-13635165 (base 7) to base 14
-256adc
184b2 (base 12) to base 9
53338
What is 137158 (base 12) in base 8?
1167424
Convert -133300222 (base 6) to base 12.
-a94672
What is -199067 (base 12) in base 15?
-8d9c7
What is -1749a7 (base 14) in base 6?
-25322315
11012302 (base 7) to base 8
3464454
1020241404 (base 5) to base 3
10222121211120
84831 (base 10) to base 15
1a206
16562607 (base 8) to base 2
1110101110010110000111
-10452426 (base 7) to base 9
-1626546
What is 3084504 (base 9) in base 15?
228de1
What is 20001202221 (base 3) in base 8?
351140
What is -4594a (base 13) in base 8?
-367534
Convert 1485237 (base 10) to base 11.
924976
What is -425d4 (base 14) in base 15?
-3277d
Convert bffb7 (base 16) to base 6.
24504315
Convert -1224078 (base 11) to base 15.
-2c0954
110022110001 (base 3) to base 9
408401
-110100111010111100000 (base 2) to base 16
-1a75e0
What is a8a35 (base 12) in base 9?
368385
Convert -1011011110111011101 (base 2) to base 14.
-9b1b7
What is -6177172 (base 10) in base 11?
-353a001
Convert 441223 (base 11) to base 12.
29b752
Convert -4144203 (base 8) to base 16.
-10c883
Convert -3e3571 (base 16) to base 13.
-ac9899
669691 (base 11) to base 13
2b4848
Convert -83a9a2 (base 13) to base 14.
-5a2470
Convert 265c4 (base 13) to base 16.
1168d
What is 106175 (base 8) in base 15?
a9ca
Convert -3b253 (base 14) to base 8.
-434751
Convert 12441506 (base 7) to base 13.
30a262
-1561683 (base 12) to base 2
-10000100111110010000011
Convert 100010001110100100001 (base 2) to base 10.
1121569
2a2aaf (base 16) to base 10
2763439
What is 361400 (base 11) in base 12?
2375a6
Convert 3d85 (base 16) to base 10.
15749
What is b9aa88 (base 13) in base 11?
2511582
1344023 (base 7) to base 11
112595
What is 165833 (base 11) in base 14?
696d6
101000100110001110110 (base 2) to base 16
144c76
1342355 (base 6) to base 8
223737
Convert 2849109 (base 12) to base 16.
7b0159
12c0c94 (base 13) to base 11
337a535
What is -10555d9 (base 14) in base 3?
-112120001111022
Convert -184b7 (base 14) to base 5.
-3430223
211b53 (base 12) to base 7
4302132
4972960 (base 10) to base 8
22760640
167995 (base 11) to base 10
259407
What is 5c5b01 (base 14) in base 5?
1302302424
7997325 (base 11) to base 8
65277666
What is 1bb0a08 (base 12) in base 14?
b0d4b6
1101143104 (base 5) to base 11
1376188
What is 72929 (base 10) in base 15?
1691e
-2051130 (base 6) to base 3
-12002021000
What is 21a67 (base 11) in base 8?
76230
What is 5441321 (base 8) in base 15?
1dc3ec
What is 38a8 (base 13) in base 15?
25db
Convert -2857525 (base 9) to base 16.
-1802ea
-73a37a (base 13) to base 14
-5068b6
What is -414007 (base 8) in base 6?
-2535143
Convert 110220220000012 (base 3) to base 13.
1565930
-362918 (base 11) to base 16
-8c531
1303010102 (base 4) to base 5
110040224
-1114446 (base 7) to base 13
-4b039
-5663b5 (base 12) to base 6
-45322345
What is -20214 (base 8) in base 16?
-208c
-131012 (base 6) to base 13
-5546
Convert 3311005 (base 7) to base 2.
1100011001001100101
-425423 (base 9) to base 8
-756574
-7c45a (base 13) to base 16
-376e2
What is d6c81 (base 14) in base 10?
518337
-15154 (base 13) to base 14
-106da
Convert -338629 (base 11) to base 10.
-538481
3607462 (base 8) to base 15
147655
What is -22d59e (base 15) in base 5?
-411241044
Convert 101010100011110100100111 (base 2) to base 7.
163555020
What is 266155 (base 7) in base 16?
c3f7
Convert -3b5485 (base 15) to base 5.
-1212243100
7212